.
12
Let y(g) = -2*g**3 - 5*g**2 - 4*g + 7. Let j be y(-5). Calculate the greatest common divisor of 38 and j.
38
Suppose 5*q + 37 = k + 2, 5*k = 2*q + 60. Let s be 118/k + (-6)/(-30). Calculate the highest common divisor of s and 2.
2
Let m = -9 - -11. Let d be 2 - -53*m*1. Calculate the greatest common factor of 12 and d.
12
Suppose 15 = 2*i - 9. Suppose -3*w - w + i = 0. What is the greatest common divisor of w and 21?
3
Let z = -16 + 31. What is the greatest common divisor of 6 and z?
3
Let y = 95 + -55. Suppose 4*i - 5*z - y + 13 = 0, -5*i + 80 = 3*z. What is the highest common divisor of 13 and i?
13
Let m = 26 - 15. Suppose -i = -8 - 7. Let r = -4 + i. What is the greatest common divisor of m and r?
11
Let i = 12 - -2. Let j be (-1)/7 - (-702)/i. Calculate the greatest common divisor of j and 125.
25
Suppose -56 = -2*f + 54. Let v = 40 - 18. What is the greatest common factor of f and v?
11
Let r be ((-936)/(-91))/((-1)/(-7)). Calculate the greatest common factor of r and 9.
9
Let x = -20 - -55. Calculate the greatest common divisor of x and 7.
7
Let x(p) = 22*p**2 + p - 2. Let v be x(2). Let i be 6/4*(-56)/3. Let z = 39 + i. Calculate the greatest common factor of v and z.
11
Let o be (0 + 2)/((-2)/(-143)). Calculate the highest common factor of 13 and o.
13
Let r be (-3)/((9/(-6))/1). Suppose 10 = 2*x + r. Suppose 14 = 3*y - 2*n, 4*n + 22 = 4*y + 2. What is the greatest common divisor of x and y?
4
Suppose -1 - 6 = t. Let r = -3 - t. Calculate the greatest common factor of 32 and r.
4
Let q be (-1177)/(-7) + ((-3)/7)/3. Calculate the highest common divisor of 21 and q.
21
Let m(t) = -3*t**2 + t + 5. Let h be m(-4). Let i = 87 + h. Let n(j) = j**2 + 8*j + 1. Let y be n(-9). What is the greatest common divisor of i and y?
10
Suppose 5*m - 170 = -2*i, -2*m + m = 4*i - 16. Suppose 4*y - 22 = 26. What is the greatest common divisor of y and m?
12
Let y(k) = k**3 + 6*k**2 - 1. Let l be y(-4). What is the greatest common divisor of l and 62?
31
Let f(s) = -s**3 + 4*s**2 + 4*s + 1. Let x be f(-3). Let v = -6 + x. Suppose v = 5*a - 14. Calculate the highest common factor of a and 12.
12
Suppose g = -g - 5*i + 84, g - 4*i = 16. Let y be ((-5)/(-2))/(5/10). Let m be (-2)/y*40/(-2). What is the highest common factor of g and m?
8
Let v(w) = -w**2 + 13*w + 7. Let d be v(13). Let z(j) = j**3 + 6*j**2 + 5*j + 2. Let i be z(-4). Calculate the greatest common divisor of i and d.
7
Suppose 0 = 5*o - 4*o. Suppose o*f = -5*f + 75. Let j = f + -9. What is the greatest common divisor of 48 and j?
6
Let f be 2/((-12)/3)*-16. Let s be (1/(1/8))/1. What is the highest common divisor of s and f?
8
Suppose w = -4*w + 30. What is the greatest common divisor of w and 12?
6
Suppose 12*w - 577 - 71 = 0. What is the greatest common divisor of 72 and w?
18
Suppose 0 = 4*y - 20 - 24. Calculate the greatest common divisor of 11 and y.
11
Suppose -2*h = -7*p + 3*p + 1056, -1320 = -5*p + h. What is the highest common divisor of p and 24?
24
Let f = -41 + 63. Let r = -11 + f. Let l(d) = d**2 - 4*d + 6. Let q be l(5). Calculate the highest common factor of q and r.
11
Suppose 50 = 5*h - 5*s, -5*s = -3*h - 0*s + 36. Calculate the highest common factor of 35 and h.
7
Suppose -2*q - 197 - 459 = 0. Let u = -229 - q. Let z(p) = p**3 + 9*p**2 + 7*p + 3. Let s be z(-8). What is the greatest common factor of s and u?
11
Let n = 2 - -3. Let z(a) = -a**3 - a**2 + 2*a. Let q be z(0). Suppose -g + n + 75 = q. Calculate the highest common factor of 16 and g.
16
Let f = 8 - -7. Calculate the greatest common factor of 3 and f.
3
Let h be -13 - (-2)/(2 - 0). Let a be (9/h)/(-1)*32. Let m = -113 + 125. What is the greatest common factor of m and a?
12
Suppose -2 - 4 = -3*q. Let k be 8 + (2 - (q + 2)). What is the greatest common factor of 4 and k?
2
Let b = -3 + 8. Let m(w) be the third derivative of w**4/24 + w**3/6 - 4*w**2. Let d be m(0). Calculate the greatest common factor of d and b.
1
Let a(l) = 2*l**2 - 2. Let u be a(2). Let b be (-3 - -2)*1 - -55. What is the highest common factor of u and b?
6
Let m(k) = -1 - 3 - 13*k + 3. Let u be m(-1). What is the greatest common divisor of 6 and u?
6
Let f be (-4 + 3 + -9)/(-1). What is the greatest common divisor of f and 10?
10
Suppose 54 = 6*o + 6. Let u(q) = -13*q**3 - q**2 - q - 1. Let t be u(-1). Calculate the highest common divisor of o and t.
4
Let x = 72 + -50. Suppose 2*n - 8*n + 12 = 0. Calculate the greatest common factor of x and n.
2
Let f = -21 + 33. Let j be ((-25)/15)/(3/(-54)). What is the greatest common divisor of f and j?
6
Suppose 2*m - 12 = -0*m. Calculate the greatest common divisor of m and 48.
6
Suppose 5*f = -2*i - i - 19, -4*i = 5*f + 17. Let c = -3 - f. What is the highest common divisor of 1 and c?
1
Suppose 0 = -2*n - n. Suppose 0*c + c - 70 = n. Calculate the highest common divisor of 28 and c.
14
Suppose x = -3*x + 36. What is the greatest common factor of x and 1?
1
Let m(w) = w**2 + 10*w - 3. Let l be m(-11). Let f be 0/(2/4*2). Suppose 4*o - 64 = -f*o. Calculate the greatest common factor of l and o.
8
Let k(n) = -34*n + 6. Let x be k(5). Let q = x - -243. Suppose -5*l + r + q + 168 = 0, 5*l + 2*r - 256 = 0. Calculate the greatest common divisor of 10 and l.
10
Let k(t) = -12*t**3 - t**2 - 3*t - 2. Let r be k(-1). Calculate the highest common divisor of 24 and r.
12
Suppose -3*d - 13 = -j, -d - 3*j + 3 = -6. Let f be 0 - (-2 - -4) - 0. Let b = f - d. What is the greatest common factor of 9 and b?
1
Suppose -4*j = -t - 173, -4*t - 21 + 146 = 3*j. Suppose 3*c - 268 = -c - 4*p, j = c - 5*p. Calculate the highest common divisor of 7 and c.
7
Let w(y) = 28*y - 11. Let l(a) = -a. Let f(v) = 6*l(v) + w(v). Let h be f(9). What is the greatest common divisor of h and 17?
17
Let j be 0 + (-1)/1 - -13. Let l be (0 - 9) + 0 + 1. Let b = l - -12. Calculate the greatest common factor of j and b.
4
Let z be 10/4*(-96)/(-60). Suppose -z*m + 41 = -5*t, -2*m + 0*t + 3*t + 19 = 0. Calculate the greatest common factor of 21 and m.
7
Suppose -f + 113 = 2*r, -4*r + 19 = -3*f - 182. Suppose 28 = 5*p - 2. What is the greatest common divisor of p and r?
6
Suppose 16 = 2*f + 2. Calculate the greatest common divisor of 7 and f.
7
Suppose 2*q + 3*v - 15 = 0, 2*v = 3*q - v. Suppose -r + 5*y = -10, 0 = 4*r + q*y - 51 - 12. Calculate the greatest common factor of r and 75.
15
Suppose -5*j = -2*j + 30. Let l = 11 + j. What is the greatest common factor of l and 1?
1
Suppose -4*m - 5*p = -750, -3*p + 0*p - 179 = -m. Let l = -121 + m. Let z = l + -32. Calculate the greatest common divisor of z and 8.
8
Suppose 4*s - 209 = 3*f, 0 = 4*s - 8*s + f + 203. Suppose -l = -0*i - 2*i + 53, 2*i - 2*l - s = 0. What is the highest common divisor of i and 4?
4
Suppose -6*j + j + 9 = w, 2*j = -w + 9. Calculate the highest common factor of w and 36.
9
Let y be (-1)/((-156)/(-80) + -2). Calculate the highest common divisor of 10 and y.
10
Let m(z) = -z + 70. Let t be m(0). What is the highest common factor of 10 and t?
10
Let u be -1 - 3/(-6)*2. Suppose 0*j + 4*j - 3*y - 100 = 0, -5*j - 2*y + 102 = u. Calculate the highest common factor of j and 44.
22
Let x = -21 + 29. Let m be 3/(-12) - (-650)/x. Calculate the greatest common divisor of m and 9.
9
Let u(b) = -b**3 + 2*b**2 + 7*b + 3. Let g(l) = -l**2 + 5*l + 9. Let w be g(7). Let c be u(w). What is the highest common divisor of 13 and c?
13
Let k = -6 + 14. Suppose 14 = 4*j + 2*t, -j - 3*t + 14 = t. Suppose -4*m - 70 = -6*m + j*h, 2*m + 4*h - 100 = 0. What is the greatest common divisor of m and k?
8
Let k = -88 - -89. What is the greatest common divisor of 5 and k?
1
Suppose 24 = -5*r + 4. Let t be (-3)/(-4) - 465/r. What is the greatest common divisor of t and 13?
13
Let h be (-8)/24 - (-10)/3. What is the highest common factor of h and 27?
3
Let p be 1 + 11 + 0/3. Suppose 0 = -2*n + 114 + 54. Suppose 0 = 3*m - b - 68, -3*m - b = 2*b - n. What is the greatest common factor of m and p?
12
Let c(a) = -3*a - 1. Let d be c(-3). Suppose 136 = d*h - 4*h. Calculate the highest common factor of 17 and h.
17
Let c be 87/(-12) + (-6)/8. Let r = 22 + c. Suppose -1 = -3*y + r. Calculate the highest common divisor of 5 and y.
5
Let x = -25 + 46. What is the greatest common factor of x and 42?
21
Let j be (-22)